-r**3 - 4*r**2 + 2*r + 1. Let g(o) = 2*o**3 + 8*o**2 - 4*o - 1. Let t(l) = -6*g(l) - 11*i(l). What is t(-5)?
10
Suppose 0 = -3*i - 5*q + 6, -i = -4*i - q + 6. Let o(a) = 3*a**2 + 4*a**2 - 7*a - 8*a**i. What is o(-6)?
6
Let l(z) = -z**3 - 11*z**2 - 12*z - 10. Let b be l(-10). Suppose -b*g + 12 = -7*g. Let k(d) = -d**3 + 5*d**2 - 2*d + 4. Give k(g).
12
Let p be (2/(-2))/((-2)/(-2)). Let t be (1/1)/(5/25). Let a(k) = 4 + k + t*k**2 + 0 - 4. Determine a(p).
4
Let b(v) be the first derivative of v**4 - v**2/2 + 11. Calculate b(-1).
-3
Let z(t) = -2*t + 9. Let p be z(6). Let a(m) = -m + 1. Let i(b) = -b**2 - 3. Let l(g) = -a(g) - i(g). Give l(p).
8
Suppose 2*n + 2 = 6. Let g(u) = -5 - 79*u**2 + 80*u**2 + 5 - 2. Determine g(n).
2
Let d(l) = 11*l + 20. Let s(c) = -5*c - 9. Let y(p) = -4*d(p) - 9*s(p). Calculate y(0).
1
Let b(p) be the third derivative of 4*p**2 + 1/6*p**3 + 1/3*p**4 + 0*p + 0. Calculate b(-1).
-7
Let a(q) be the first derivative of -q**4/4 + 8*q**3/3 - q**2/2 + 8*q - 2. Let o = 3 - -5. Let f be a(o). Let j(r) = -r**2 + 7. Calculate j(f).
7
Let x(o) = o**3 - o**2 + 5. Let h be x(0). Let y(r) = -2*r**2 + 7*r + 2. Give y(h).
-13
Let b = 0 - -4. Let c(o) be the first derivative of 1/4*o**4 - 4*o - 5/3*o**3 + 2 + 3/2*o**2. Calculate c(b).
-8
Let v(y) be the first derivative of y**2 - 1. Let t = 12 + -8. Calculate v(t).
8
Let z(t) = -3*t + 3 + 2*t - 1 + 2. Give z(8).
-4
Let q(o) = o**2 + o + 2. Let k(l) = l**3 + 6*l**2 - 7*l + 2. Suppose 9 - 2 = -v. Let c be k(v). Calculate q(c).
8
Let v(x) be the first derivative of -x**4/4 + 3*x**3 - 4*x**2 - 9*x - 14. What is v(8)?
-9
Let d(u) be the first derivative of -u**3/3 - 2*u**2 + 6*u - 1. Suppose 6*c - c + 30 = 0. Determine d(c).
-6
Let s(z) = z**2 - z. Let x(l) = -11*l**2 - 1. Let g(i) = 2*s(i) - x(i). What is g(1)?
12
Let i be (-10)/((-3)/1 + 2). Let w = -5 + i. Let z(x) be the first derivative of x**2 - 3*x - 20. What is z(w)?
7
Let o(m) be the second derivative of -m**3/2 - 2*m**2 - m. Let v be o(-2). Let n(u) = -u**3 + 2. What is n(v)?
-6
Let c = 3 - 1. Suppose -c = -7*n + 6*n. Let b(d) = d + 2*d - n - 2*d + 5. Calculate b(-3).
0
Suppose -6*k - 2*k - 16 = 0. Let n(j) = -2*j - 2 + 1 + 2. Determine n(k).
5
Let s(i) = 2*i. Let m(h) = -h**3 - 7*h**2 - 3*h - 19. Let w be m(-7). Determine s(w).
4
Let j(h) be the first derivative of 5/12*h**4 - 2*h + 2 + 1/2*h**2 - 1/20*h**5 - 1/2*h**3. Let y(g) be the first derivative of j(g). Determine y(2).
7
Suppose -2*k = -0 - 4. Suppose 3*b - 10 = -k*b. Let w(o) = 2*o**2 + o. What is w(b)?
10
Let i be (-1 - -3)/(-2) - 2. Let h = -4 - -6. Let v(m) = -h*m - m**2 - 2*m + 0*m**2. What is v(i)?
3
Let i(y) = 2*y - y - 5*y - 12 + 3*y. Give i(-6).
-6
Let q(n) = n**3 - n**2 - 3*n - 1. Suppose -3*t + 1 = 4. Let s = 4 + t. Give q(s).
8
Let o(t) be the second derivative of -t**5/20 - t**4/2 - t**3/6 - 2*t**2 + 29*t + 2. What is o(-6)?
2
Let n(k) = k**2 - 6*k + 7. Let z be n(5). Let f(t) = t + 2*t + 1 + z*t**2 - t**2. Suppose -4*x + 8 + 11 = -q, -5*x = 2*q - 14. Give f(q).
1
Let x be (3 - -1)*(-12)/(-8). Let i(u) = -u**3 + 5*u**2 + 3*u - 7. Calculate i(x).
-25
Let m = -1/247 + 743/494. Let n(w) be the first derivative of -4 + m*w**2 - 4*w. What is n(4)?
8
Let h(c) = c**2 - 5*c + 2. Let r(j) = -2*j**2 + 13*j. Let g be r(6). Give h(g).
8
Let a(z) = z + 0*z + 0*z - 4. Let m be 4/(-8)*-6 - -7. Let x be a(m). Let f(t) = t**2 - 8*t + 6. Calculate f(x).
-6
Let p(d) be the third derivative of -d**6/120 - 7*d**5/60 - d**4/4 - 7*d**3/6 + 5*d**2. Give p(-6).
-7
Let s be -4*4/(-16) + 1. Let h be -3 + 4/4 - s. Let r(k) be the second derivative of -k**4/12 - k**3/3 - k**2/2 + k. What is r(h)?
-9
Let o(s) = 2*s - 2. Suppose 5*i - 22 = u, -3*i + 0*u + u = -14. Suppose -4*l = 3*a - 14, 4*l + 0 = -i*a + 12. Calculate o(a).
-6
Let s(t) = -t**3 + 4*t**2 - 2*t - 3. Suppose 12 = 4*g - v, 0 = 6*g - 2*g - 5*v - 12. What is s(g)?
0
Let q(f) be the second derivative of -f**4/12 + 7*f**3/6 + 2*f**2 + 20*f. Determine q(6).
10
Suppose 0 = 4*z - 20, 2*d + 2*z - 14 = 6. Let q(w) = w**2 - 6*w - 1. Calculate q(d).
-6
Let u(o) = -6*o**2 - 2*o. Let b be u(-2). Let a be (6/(-5))/(6/b). Suppose 0 = a*d + 8, 15 = y - 2*d - 3*d. Let n(h) = -h + 6. Give n(y).
1
Let m(s) = s**2 + s - 4. Suppose 0 = 5*i + 5, -g = 4*g - i + 14. Determine m(g).
2
Let p be 1/((-5)/30*2). Let j(h) = 4*h - 4. Calculate j(p).
-16
Suppose -b + 3*u + 7 = 0, 20 = -4*u - u. Let a(f) = -f**3 - 5*f**2 + 3*f + 3. Determine a(b).
-12
Let f be (-198)/234 + 2/(-13). Let z(t) = -t. Calculate z(f).
1
Let s(o) be the second derivative of o**4/12 - o**3/3 - o**2 + 4*o + 5. Suppose 0 = -2*l + 8. Determine s(l).
6
Let x be 3/(9*-1)*-3. Let b be (-2 - (4 - -1)) + x. Let n be ((-2)/b)/(1/3). Let d(o) = 5*o - 1. What is d(n)?
4
Let f(l) = -l**2 + 4*l + 2. Let r be (-34)/(-18) + -2 - 92/(-18). Calculate f(r).
-3
Let b = 2 - -1. Let p(u) be the first derivative of u**4/12 - u**3/2 - 2*u**2 + 1. Let d(a) be the second derivative of p(a). Give d(b).
3
Let a(f) be the third derivative of -f**5/60 + f**4/4 + f**3/6 - 5*f**2. Give a(7).
-6
Let t(l) = -l**2 + 25*l - 23. Let y be t(24). Let v(x) = -x + 1. What is v(y)?
0
Let z(g) = g**3 - 9*g**2 + 8*g. Let o be z(8). Let l(r) = 5*r - r**2 + o*r**2 - 4*r + 2 + r. Give l(3).
-1
Suppose -5*g + 43 = 18. Let s(m) = 5 + g*m + 4*m - 8*m. Calculate s(0).
5
Let p(v) = v - 7. Let u(c) be the first derivative of c**4/4 + 5*c**3/3 + 2*c**2 + 4. Let j be u(-3). Suppose -s + 3*k = -j*s + 6, -2*k - 6 = 0. Give p(s).
-4
Let k = -1 - -3. Let m(r) = -15*r + 21. Let a(u) = 13*u - 18. Let g(p) = 7*a(p) + 6*m(p). What is g(k)?
2
Let u(w) = -w**3 - 3*w**2 - w. Let x = 0 - 2. Let h = x - 0. Determine u(h).
-2
Let x(o) be the third derivative of -o**6/120 - o**5/30 + o**4/24 + 7*o**2. Determine x(-2).
-2
Let w(p) = p**2 - 5*p + 4. Let m(j) = 4*j. Let x be m(3). Suppose -3*u + d = -16, 2*u = -d + 2*d + x. What is w(u)?
0
Let z(p) be the third derivative of -1/60*p**5 + 0*p**4 + 0*p + 0 - 2/3*p**3 - 4*p**2. Calculate z(0).
-4
Let j(f) = 20*f + 1 - 42*f - 7*f**2 + 22*f. Calculate j(1).
-6
Let h = 6 - 4. Suppose h*a - 3 = -a. Suppose 0 = -5*p + 4*d + 2, -a - 5 = -3*d. Let m(u) = -3*u + 2. What is m(p)?
-4
Let x(b) = 2*b**3 - 6*b**2 - 10*b - 7. Let g(y) = y**3 - 3*y**2 - 5*y - 3. Let f(c) = -7*g(c) + 3*x(c). Let h(r) = -r**3 - r + 4. Let k be h(0). Give f(k).
4
Let r(d) = 7*d**2 - 2*d**2 - d**3 - 1 + 2*d - 2*d. What is r(2)?
11
Let j = -1 - -3. Let o(b) = 0*b**2 - 1 - b**2 - b - b - 5*b**j. Calculate o(-1).
-5
Let j = -1 - -3. Let o(g) = -j*g**2 + 4*g + g + 1 + 3. Determine o(4).
-8
Suppose -9 - 9 = 3*k. Let x(b) = b**3 + 5*b**2 - 6*b - 1. Give x(k).
-1
Let v(o) = -o**2 - 4*o - 3. Let s(h) = h**3 + 2*h**2 + h + 4. Let u be s(-3). Let a(k) = -k**3 + 8*k**2 + 4. Let y be a(8). Let i = u + y. Determine v(i).
-3
Suppose -4*g + 7 = -5. Suppose -g*m = 2*m. Let t(p) = 5*p**2 - 5*p + 4. Let b(d) = 4*d**2 - 4*d + 4. Let n(v) = 6*b(v) - 5*t(v). What is n(m)?
4
Let y(l) = -l + 5. Let v(j) = -2*j + 5. Let t(b) = -2*v(b) + 3*y(b). Let h(s) = -2*s + 4. Let r be h(4). Give t(r).
1
Let n be (1 + -1)/(1 - -1). Suppose f + 0 - 3 = n. Let u(h) = 2*h**3 + h + 0*h - f*h**3. Calculate u(2).
-6
Let s(o) = -10*o**2 + 2*o - 7. Let k(v) = -11*v**2 - 15 - 10*v**2 + 29*v - 25*v. Let y(w) = -6*k(w) + 13*s(w). Let z = 3 - 2. Determine y(z).
-3
Suppose 2*v + 2 = 2*h, -v + h = 2*v - 3. Let p(y) = -3*y + y + y + y**v + 3. Determine p(0).
3
Let a be 7 + ((-6)/2)/(-3). Let i(k) = 2*k - a*k - k**2 + 1 + 0 - k. Determine i(-6).
7
Let a(v) be the second derivative of v**6/360 + v**5/20 - v**4/6 - v**3/3 - v. Let z(x) be the second derivative of a(x). What is z(-6)?
-4
Let v(k) = k**2 + 2*k - 4. Let h = 28 - 33. What is v(h)?
11
Let y(h) = 3*h**3 - 18*h**2 + 7*h - 9. Let m(p) = 2*p**3 - 12*p**2 + 5*p - 6. Let s(o) = 8*m(o) - 5*y(o). Suppose x = 44 - 39. What is s(x)?
-3
Let f be (-8)/44 + 48/22. Let u(h) be the second derivative of -1/6*h**3 + 1/12*h**4 - f*h + 0 + h**2. Determine u(3).
8
Let n(v) be the third derivative of v**4/3 - 3*v**2. Let b be (-4 + 8)*2/(-8). Determine n(b).
-8
Suppose -10 + 4 = 2*b. Let q(w) = -2*w - 4. Calculate q(b).
2
Let x(j) = -28 + 10 - 6*j + 15. Give x(-2).
9
Let p(c) = 2*c**3 - 2*c**2 + c. Let j be (-4)/1 + 1 + 0. Suppose -3*y + 24 = 6. Let 